3*x + 3, 5*x + h = 2*c. Is c a prime number?
False
Let c(h) = 59183*h**2 - 4*h + 3. Is c(-2) composite?
True
Let s(m) = 58*m**3 + 17*m**2 + 14*m - 21. Let r be s(8). Suppose -3*p + 30895 = 3*q - 2*p, -r = -3*q + 4*p. Is q a prime number?
False
Suppose 5*x = 3*x + 2. Let v(h) = 1562*h - 3. Is v(x) a prime number?
True
Let v be (-17 + 0)/(-4 - -3 - -2). Let q(a) = 21*a**2 - 43*a - 21. Is q(v) a prime number?
True
Let o = 1335906 + -920437. Is o a composite number?
False
Suppose 7*g = -16891 - 46823. Let o = -4613 - g. Is o composite?
True
Suppose 5*g - 16 = -1. Suppose -n - g*n = -760. Suppose 5*h - 65 = n. Is h a composite number?
True
Is -7*808452/(-336) + 2/8 prime?
True
Let j = 37 - 28. Let u(x) = -3*x - 12. Let z be u(j). Is (91/z)/(2/(-78)) prime?
False
Suppose -5*x + 2*q + 7 = 0, -q + 2 = -2. Suppose 5317 = 5*a + 3*p, -4467 = -x*a - 3*p - 1272. Is a composite?
False
Is (766353 + 4)*(-53 + 54) prime?
True
Suppose 0 = -2*x - 72 + 66. Is x + 4 - (-2 - 9388) prime?
True
Let h = -60 + 64. Suppose 4*f = -2*x - 2 - 2, h*f = -3*x - 4. Suppose 2*u - 3*u + 3271 = x. Is u a composite number?
False
Suppose 154*o = 174*o - 3640. Let q(m) = 2*m**3 - 6*m + 2. Let l be q(4). Suppose -3*w + l = -2*g, 2*w + o = 7*w - 2*g. Is w prime?
False
Let i = -90 - -92. Suppose 5*l = p + i*l - 3787, -4*p = -l - 15170. Is p a composite number?
False
Suppose -361246 - 6648000 = -139*t + 24432. Is t composite?
True
Suppose n = -4*n + 2*z + 8094, 0 = -n - 2*z + 1614. Suppose -10*p + n = -12*p. Let u = p - -1476. Is u a prime number?
False
Suppose 2*h - 5*c + 374 = -2*h, -h + c = 93. Is (503399/h)/(4/(-28)) prime?
True
Let b be (13/2)/((-549)/110 + 5). Let h = b + -416. Is h a composite number?
True
Let a(s) be the second derivative of -7*s**4/4 + s**3/2 - 2*s**2 - 15*s. Let j be a(4). Let k = 767 + j. Is k a composite number?
False
Suppose 3*s = -7*y + 4*y - 1131, 3*y + 1117 = 4*s. Let c(d) = 315*d + 2. Let u be c(-2). Let f = y - u. Is f composite?
True
Let u(g) = 7*g**2 - 2*g + 29. Let z(w) = w + 2. Let o(l) = u(l) - 3*z(l). Is o(15) prime?
True
Let r(h) = -7810*h + 7. Let u = 449 + -450. Is r(u) composite?
False
Suppose 21*w - 53*w + 8051936 + 1698432 = 0. Is w composite?
True
Let s(o) be the first derivative of 13*o**4/2 + 5*o**3/3 + o**2/2 - 14*o + 21. Let w be s(6). Suppose -3*l - 1591 + w = 0. Is l a composite number?
False
Let q = -442 - -444. Suppose q*p + 2*t = t + 402, -2*t = 0. Is p a composite number?
True
Suppose -8*d - 599 = -575. Is (-114574)/(-20) + d/(-10) a composite number?
True
Let q(h) = 15*h**2 - 2*h + 43 - 9*h - 3*h - 6*h**2. Is q(18) a composite number?
False
Let i be 0/(-28)*(0 - -1). Suppose -4*t + 767 = -i*t + 3*q, q = t - 190. Is t a prime number?
True
Let h(d) be the first derivative of d**3/3 - 3*d**2/2 + 23*d + 57. Is h(5) prime?
False
Let a(p) = -p**2 - 20*p + 46. Let d be a(-22). Suppose -16711 = -5*r + 2*b, -d*r + 1682 + 4997 = b. Is r composite?
True
Let m(v) = 43776*v**3 - 8*v**2 + 23*v - 14. Is m(1) prime?
True
Let c(v) = 195*v + 21. Let o(q) = -q**3 + 10*q**2 + 13*q - 12. Let y be o(11). Let p be c(y). Let x = p + -1286. Is x a composite number?
True
Let p(g) = 264*g**2 - 5. Let m(s) = 4*s**2 + 4*s - 3. Let k be m(1). Suppose 4*u - 27 = -k*u. Is p(u) a prime number?
True
Let s be 6/(-10) - (-156)/60. Suppose -5*o - s*c = -0*c + 8180, -5*o - 8180 = c. Is (2 - -3)*o/(-10) - 0 prime?
False
Let n = 236629 - -631042. Is n prime?
False
Let p = 829 + -819. Let l = -2 - 2. Is 142192/80 + l/p a prime number?
True
Is (69163/2)/(-13*(-8)/6032) prime?
False
Let r = 1027114 - 712623. Is r a prime number?
True
Let d(w) = 426*w - 71. Suppose 2*h - 2*f - 24 = 0, -2*h + 22 = 3*f - 2. Is d(h) a composite number?
True
Suppose 7*j = 10*j + 9, 3*y + 4*j - 73629 = 0. Is y a prime number?
True
Suppose -2*x = 5*u - 531086, -26*u - 1062084 = -4*x - 25*u. Is x a composite number?
True
Suppose -m - 1393 = 2*g, 0*m = -2*g + 2*m - 1378. Let r = -71 - g. Let j = r - -60. Is j composite?
False
Let b(d) = -6792*d - 7349. Is b(-70) a prime number?
False
Let q = 721 - 713. Is (18/q)/(-3)*-4 + 20740 a prime number?
True
Let s(k) = -2474*k + 1681. Is s(-18) prime?
False
Let p be 17/((-850)/40)*(-35)/(-14). Let o(f) = 249*f**2 - 5*f - 3. Let u(t) = 248*t**2 - 4*t - 3. Let a(l) = -3*o(l) + 4*u(l). Is a(p) a prime number?
False
Suppose 5*y + 3*k = 0, -3*k = -4*y - 2*k + 17. Suppose -5118 = 3*j - y*p, 3246 + 151 = -2*j - p. Let r = 746 - j. Is r a prime number?
True
Suppose 44*v = 40*v + 60. Suppose -5*a = 4*h - 125, 2*h + v = 5. Suppose -4 - 132 = -4*t + 2*p, -3*p - a = -t. Is t a composite number?
True
Let o(y) = -14*y - 56. Let j(w) = 34*w + 140. Let t(c) = 5*j(c) + 12*o(c). Let a be t(-12). Suppose -4*k = 8, 5*g - 1724 = -a*k + 7923. Is g prime?
True
Let a = -52 - -51. Let p be (a/2 - -2)*(5494 + 0). Suppose 68 - p = -11*w. Is w composite?
False
Suppose 5*o + 2*v - 652393 - 1200902 = 0, -3*v = 15. Is o prime?
True
Let n = -170853 - -406930. Is n prime?
True
Let q(w) = -463*w + 753. Is q(-22) composite?
False
Let v = -5735 + 21347. Suppose v = 14*m - 8*m. Is m a prime number?
False
Is (-18395 + 101)*(0 - ((-7)/(-6) + -1)) composite?
False
Suppose 84*s = 76*s + 81064. Is s prime?
True
Let g(m) = 47*m**2 + 18*m + 158. Is g(19) a composite number?
False
Suppose -516*b + 430*b = -21366614. Is b prime?
False
Suppose 85*g + 82*g = 157*g + 4106170. Is g composite?
False
Suppose 0 = -2*b - 3*q + 821416 - 296019, -262698 = -b - q. Is b a composite number?
False
Let u = 27 + -23. Suppose 23 = -3*o + u*z, 2*o - 30 = 6*o - 5*z. Is 2/(-6)*(-1466 - o) composite?
False
Is -5 + ((-13486174)/(-117))/(3/27) prime?
False
Suppose -24 + 46 = -11*f. Let a(n) = 2504*n**2 - 12*n - 3. Is a(f) a prime number?
True
Suppose n = -0*n + 729. Suppose n + 887 = 2*a. Is (-1)/4 - a/(-32) prime?
False
Suppose -12 = -8*x + 12. Suppose -s - 9022 = -x*s. Suppose 2*w - s - 1367 = 0. Is w composite?
False
Suppose 2*p + u + 4 = -3*u, 3*p + 5*u + 5 = 0. Suppose a = -z + 2, p = 5*a - 4*z - 3 - 7. Is 1 + a + (-285)/(-15) a composite number?
True
Is -1 - 55/11 - 1*-35693 a prime number?
False
Let f(g) = 68*g + 20. Let p be f(-5). Let i be 2/(-5) - p/50. Is 24938/26 + 3*i/(-117) prime?
False
Is (96/72 - 2)/(2/(-231279)) a composite number?
False
Let v = 6602 + 15956. Is v a prime number?
False
Suppose -6*a + 688646 = 8*a. Suppose -5*u + 18526 = -a. Is u composite?
True
Let m = -120 - -111. Let t(n) = -n**3 - 7*n**2 - 7*n + 26. Is t(m) a prime number?
True
Suppose 66*d - 285330 = 61*d. Suppose d = -12*u + 18*u. Is u prime?
True
Suppose -5*t + 11*s = 7*s - 4172, -t + 5*s + 826 = 0. Let w = t - -491. Is w composite?
False
Let c be (10/6)/(-1)*-6. Suppose -c*b = -9*b. Suppose -h + 0*h + 379 = b. Is h a prime number?
True
Let i = -16880 + 47827. Is i a composite number?
True
Let c = 5720 + -12521. Let v = c - -10951. Let m = -2385 + v. Is m prime?
False
Let m(c) = 0*c**2 - 9*c**2 - 6 + 14*c**2 - 3*c + 3. Let q be m(3). Suppose 4*n = q + 979. Is n a composite number?
True
Suppose -b + 0 + 12 = 2*c, 3*b + 13 = c. Suppose 17590 = 3*p + c*p. Let f = -1218 + p. Is f prime?
True
Let m be (26434 - (-42)/6) + -7. Suppose z - m = -a - 3*a, -33053 = -5*a + 4*z. Is a prime?
False
Is ((-13004)/6)/(-2 - (-28)/21) composite?
False
Suppose 3*i + 4*z + 0*z = 17, -4*i + 36 = 2*z. Suppose 25*a - i*a - 14 = 0. Suppose k - a = 0, y + 2*k - 264 = k. Is y a prime number?
True
Let h be 57/2*22/33. Suppose 21*z = h*z + 2218. Is z prime?
True
Suppose 62*c - 125*c + 239449 = -56*c. Is c a composite number?
True
Let k = 72 + -65. Let r(c) = 13*c**3 + 13*c**2 + 6*c + 3. Is r(k) prime?
False
Let q be (233/2 + -1)*20. Suppose 13*l + q = -2*l. Let w = l - -223. Is w a composite number?
True
Suppose 0 = -7*n + 370 - 363. Let u(x) = 15105*x**2 - 12*x - 2. Is u(n) prime?
True
Suppose 2*j = 3*j + 5. Let l(z) = 5*z + 8. Let b be l(j). Let k(n) = -155*n - 36. Is k(b) composite?
True
Is 135393/12 + (-1 + 66/(-24) - -4) prime?
False
Let d be (-26 - -11220)*(-27)/(-6). Suppose 3*m + 14*s - 12*s = 50379, 3*m - d = -4*s. Is m composite?
True
Let s be (225/30)/(2/(-12)). Suppose 5*y + 2 = 2*b, b - 7*y + 2 = -3*y. Is ((-712)/12)/(b/s) composite?
True
Suppose -11*k = -10*k. Let d(h) = 2*h**2 + 347 - 4*h**2 + h**2 + 5*h. Is d(k) a composite number?
False
Let y